 1052609 prime?
True
Is 668201 a prime number?
True
Is 16343 composite?
True
Is 21751 composite?
False
Is 35897 a prime number?
True
Is 30151 prime?
False
Is 27631 a composite number?
False
Is 3983 a composite number?
True
Is 22109 composite?
False
Is 40731 composite?
True
Is 20603 composite?
True
Is 204233 a prime number?
True
Is 13595 composite?
True
Is 304987 a prime number?
False
Is 910253 a composite number?
True
Is 3049 a composite number?
False
Is 701837 prime?
True
Is 19907 composite?
True
Is 511 a composite number?
True
Is 20891 prime?
False
Is 307057 a prime number?
False
Is 270859 prime?
True
Is 4733411 a prime number?
True
Is 1310522 a composite number?
True
Is 8311 a prime number?
True
Is 206495 prime?
False
Is 53917 a composite number?
False
Is 39115 a prime number?
False
Is 680681 prime?
True
Is 217207 composite?
False
Is 141479 prime?
False
Is 30209 a prime number?
False
Is 909787 a prime number?
True
Is 346889 prime?
False
Is 9491 composite?
False
Is 608459 composite?
False
Is 788251 a composite number?
True
Is 19153 composite?
True
Is 22013 composite?
False
Is 16673 a prime number?
True
Is 79161 a prime number?
False
Is 26093 prime?
False
Is 7123 composite?
True
Is 129001 a prime number?
True
Is 42821 composite?
False
Is 45751 prime?
True
Is 895231 composite?
False
Is 43889 prime?
True
Is 17747 prime?
True
Is 796063 prime?
True
Is 1429273 a composite number?
True
Is 238499 a composite number?
False
Is 74551 composite?
False
Is 59141 a composite number?
False
Is 7993 composite?
False
Is 307441 composite?
True
Is 2497 prime?
False
Is 1067 prime?
False
Is 62081 prime?
True
Is 19193 composite?
True
Is 37951 prime?
True
Is 619657 a prime number?
True
Is 103387 composite?
False
Is 8999 composite?
False
Is 38667 composite?
True
Is 18559 a prime number?
False
Is 183839 composite?
True
Is 750143 prime?
False
Is 10673 a composite number?
True
Is 87767 a prime number?
True
Is 4905001 a prime number?
True
Is 645017 a prime number?
False
Is 1653863 prime?
False
Is 53993 a prime number?
True
Is 1611399 a prime number?
False
Is 4769 prime?
False
Is 53987 a composite number?
False
Is 135389 prime?
True
Is 19661 prime?
True
Is 35671 prime?
True
Is 15527 composite?
False
Is 301909 prime?
False
Is 78703 a composite number?
True
Is 1179251 a prime number?
True
Is 31814 a composite number?
True
Is 393529 a composite number?
True
Is 3593 prime?
True
Is 8422 a composite number?
True
Is 66979 composite?
True
Is 13613 prime?
True
Is 86689 a prime number?
True
Is 40199 prime?
False
Is 6599 composite?
False
Is 144023 prime?
False
Is 146201 a prime number?
False
Is 6017 a composite number?
True
Is 2269 prime?
True
Is 416797 a prime number?
True
Is 50291 a composite number?
False
Is 4319 a prime number?
False
Is 73711 prime?
False
Is 17597 composite?
False
Is 44867 composite?
False
Is 44539 a prime number?
False
Is 63637 a prime number?
False
Is 312887 prime?
True
Is 236939 composite?
True
Is 485 prime?
False
Is 20861 composite?
True
Is 21709 a composite number?
True
Is 3500749 a composite number?
True
Is 545873 composite?
False
Is 3885005 a prime number?
False
Is 29123 a prime number?
True
Is 523931 a prime number?
False
Is 30671 composite?
False
Is 33447 a prime number?
False
Is 19265 a prime number?
False
Is 6934189 a prime number?
True
Is 162373 a prime number?
False
Is 39601 prime?
False
Is 467101 composite?
False
Is 3263 a composite number?
True
Is 4457729 a composite number?
False
Is 1931 a composite number?
False
Is 86069 a composite number?
False
Is 154533 composite?
True
Is 793055 a composite number?
True
Is 191495 composite?
True
Is 5158 prime?
False
Is 18397 a prime number?
True
Is 399259 a composite number?
True
Is 239101 composite?
True
Is 133769 prime?
True
Is 476635 composite?
True
Is 91 prime?
False
Is 2777 a composite number?
False
Is 4459469 a composite number?
True
Is 23105 prime?
False
Is 210439 prime?
False
Is 1303089 a prime number?
False
Is 972847 a composite number?
False
Is 39322 prime?
False
Is 28529 prime?
False
Is 17539 prime?
True
Is 1246757 prime?
True
Is 429515 a prime number?
False
Is 33802 composite?
True
Is 1897 prime?
False
Is 12071 prime?
True
Is 113327 prime?
True
Is 11681 a composite number?
False
Is 83537 prime?
True
Is 96098 a prime number?
False
Is 1124293 a prime number?
True
Is 1208195 composite?
True
Is 2529385 prime?
False
Is 115261 prime?
False
Is 1302563 a prime number?
True
Is 39659 prime?
True
Is 5731 a prime number?
False
Is 481037 a prime number?
False
Is 948839 prime?
True
Is 5779 composite?
False
Is 210845 a composite number?
True
Is 7069 a prime number?
True
Is 4721 a composite number?
False
Is 15061 a composite number?
False
Is 28349 a composite number?
False
Is 20993 prime?
False
Is 61141 a composite number?
False
Is 8735 prime?
False
Is 354677 a prime number?
True
Is 15871 composite?
True
Is 372181 a composite number?
True
Is 112459 prime?
True
Is 73913 composite?
True
Is 5293 composite?
True
Is 340321 a prime number?
True
Is 522317 a prime number?
True
Is 221159 a composite number?
False
Is 38113 composite?
False
Is 439 a composite number?
False
Is 187567 prime?
False
Is 9517 a composite number?
True
Is 1107139 a prime number?
False
Is 5111 a prime number?
False
Is 499 a composite number?
False
Is 450677 a composite number?
False
Is 337849 a composite number?
True
Is 282767 prime?
True
Is 96983 a composite number?
True
Is 1404321 composite?
True
Is 365201 a composite number?
False
Is 15439 composite?
False
Is 6377 a prime number?
False
Is 121039 composite?
False
Is 80897 prime?
True
Is 344543 a composite number?
False
Is 2733 prime?
False
Is 25841 prime?
True
Is 49382 a composite number?
True
Is 98485 composite?
True
Is 17569 composite?
False
Is 584189 a prime number?
False
Is 223183 prime?
False
Is 13241 prime?
True
Is 30011 a composite number?
False
Is 242551 composite?
False
Is 905041 a prime number?
False
Is 2351 a prime number?
True
Is 3847 a composite number?
False
Is 9533 composite?
False
Is 690043 prime?
False
Is 2308699 a prime number?
True
Is 11437 a composite number?
False
Is 263 composite?
False
Is 2551 a prime number?
True
Is 145121 a composite number?
False
Is 556267 composite?
False
Is 17543 a prime number?
False
Is 17337 a composite number?
True
Is 12527 a composite number?
False
Is 31057 prime?
False
Is 301747 composite?
False
Is 149 a prime number?
True
Is 373967 composite?
True
Is 1159709 a composite number?
False
Is 14683 composite?
False
Is 2594 a composite number?
True
Is 35885 prime?
False
Is 38633 a composite number?
True
Is 1430041 composite?
False
Is 3263 a prime number?
False
Is 730589 a prime number?
True
Is 62026 prime?
False
Is 85915 prime?
False
Is 10223 composite?
False
Is 868327 prime?
True
Is 123934 prime?
False
Is 157141 a composite number?
False
Is 14435 a composite number?
True
Is 573767 a prime number?
False
Is 15907 composite?
False
Is 100723 a prime number?
False
Is 8735 a composite number?
True
Is 36779 prime?
True
Is 342647 composite?
False
Is 67 composite?
False
Is 154229 a prime number?
True
Is 181361 a prime number?
True
Is 15787 a composite number?
False
Is 7123 a prime number?
False
Is 14474 prime?
False
Is 20507 a prime number?
True
Is 982783 a composite number?
False
Is 93739 a composite number?
False
Is 31079 a prime number?
True
Is 19301 prime?
True
Is 14029 composite?
False
Is 1709927 composite?
True
Is 450605 a prime number?
False
Is 742143 a prime number?
False
Is 115807 prime?
True
Is 109253 a composite number?
False
Is 3557 a prime number?
True
Is 8581 a prime number?
True
Is 20849 prime?
True
Is 1291 a composite number?
False
Is 134777 a composite number?
False
Is 1847 composite?
False
Is 71059 composite?
False
Is 135059 prime?
True
Is 2561033 prime?
False
Is 48091 a composite number?
False
Is 187799 prime?
False
Is 14243 a composite number?
False
Is 137101 a prime number?
False
Is 73779 prime?
False
Is 120383 prime?
True
Is 32773 prime?
False
Is 97939 a prime number?
False
Is 587 composite?
False
Is 24889 a prime number?
True
Is 6547 a prime number?
True
Is 1151 a prime number?
True
Is 56537 composite?
True
Is 338869 a prime number?
False
Is 3560217 composite?
True
Is 673327 a prime number?
True
Is 318341 a composite number?
True
Is 6